{"id":1502,"date":"2020-03-23T16:26:53","date_gmt":"2020-03-23T15:26:53","guid":{"rendered":"https:\/\/spd-wickrath.de\/?page_id=1502"},"modified":"2025-01-16T08:49:42","modified_gmt":"2025-01-16T07:49:42","slug":"infosundneues","status":"publish","type":"page","link":"https:\/\/spd-wickrath.de\/index.php\/infosundneues\/","title":{"rendered":"Infos und Neues"},"content":{"rendered":"<figure><img loading=\"lazy\" decoding=\"async\" width=\"1667\" height=\"1134\" src=\"https:\/\/spd-wickrath.de\/wp-content\/uploads\/SPD_SKM_Spende.jpg\" alt=\"\" loading=\"lazy\" srcset=\"https:\/\/spd-wickrath.de\/wp-content\/uploads\/SPD_SKM_Spende.jpg 1667w, https:\/\/spd-wickrath.de\/wp-content\/uploads\/SPD_SKM_Spende-300x204.jpg 300w, https:\/\/spd-wickrath.de\/wp-content\/uploads\/SPD_SKM_Spende-1024x697.jpg 1024w, https:\/\/spd-wickrath.de\/wp-content\/uploads\/SPD_SKM_Spende-768x522.jpg 768w, https:\/\/spd-wickrath.de\/wp-content\/uploads\/SPD_SKM_Spende-1536x1045.jpg 1536w\" sizes=\"auto, (max-width: 1667px) 100vw, 1667px\" \/><\/figure>\n<h3>SPD Wickrath spendet f\u00fcr wohnungslose und bed\u00fcrftige Menschen.<\/h3>\n<p>Wickrath`s SPD Ortsvereinsvorsitzende, Andrea Feistel-Jacobs, \u00fcbergab im Namen der Wickrather SPD, in den vergangenen Tagen eine Spende an den SKM -Katholischen Verein f\u00fcr soziale Dienste in Rheydt-.<br \/>\nMomentan besteht, nach Aussage des SKM, eine gro\u00dfe Nachfrage von bed\u00fcrftigen Einzelpersonen und Familien. Umso gr\u00f6\u00dfer war die Freude, dass die SPD Wickrath den Verein mit einer Spende unterst\u00fctzt. Dazu Andrea Feistel-Jacobs:&#8220; Es war und ist uns ein Anliegen in diesen schweren Zeiten, solidarisch und gemeinsam, etwas f\u00fcr die Schw\u00e4chsten in unserer Gesellschaft zu tun&#8220;. Der SKM weist darauf hin, dass weitere Spenden sehr willkommen sind. Wer etwas spenden m\u00f6chte kann sich an folgende Ansprechpartner wenden:<\/p>\n<p>Christoph F\u00f6hles , Tel. 02166\/130 97 30 &nbsp; &#038;nbsp<br \/>\nE-Mail: <a href=\"mailto:refc.foehles@skm-ry.de\" >refc.foehles@skm-ry.de<\/a> <\/p>\n<p>Astrid Thiess, &nbsp; &nbsp;&nbsp;&nbsp; &nbsp; Tel. 02166\/130 97 31 &nbsp; &#038;nbsp<br \/>\nE-Mail: <a href=\"mailto:a.thiess@skm-ry.de\">a.thiess@skm-ry.de<\/a><\/p>\n<p>Des Weiteren weist Andrea Feistel-Jacobs darauf hin, dass auch die SPD M\u00f6nchengladbach Hilfe anbietet. Unterst\u00fctzungsm\u00f6glichkeiten finden Sie auf <a target=\"_blank\" rel=\"noopener noreferrer\">www.spd-mg.de<\/a><\/p>\n<figure><img loading=\"lazy\" decoding=\"async\" width=\"600\" height=\"345\" src=\"https:\/\/spd-wickrath.de\/wp-content\/uploads\/Vorstand_2020.png\" alt=\"\" loading=\"lazy\" srcset=\"https:\/\/spd-wickrath.de\/wp-content\/uploads\/Vorstand_2020.png 600w, https:\/\/spd-wickrath.de\/wp-content\/uploads\/Vorstand_2020-300x173.png 300w\" sizes=\"auto, (max-width: 600px) 100vw, 600px\" \/><\/figure>\n<h3>Stabwechsel bei der Wickrather SPD.<\/h3>\n<p>Auf der Mitgliederversammlung der Wickrather SPD, am 12.02.2020, kam es zum Stabwechsel bei der \u00f6rtlichen SPD. Nach insgesamt 18 Jahren als Vorsitzender kandidierte Uli Mones nicht mehr als Vorsitzender. In seinem Rechenschaftsbericht dankte Uli Mones den ausgeschiedenen und jetzigen Vorstandsmitgliedern f\u00fcr das ihm entgegen- gebrachte Vertrauen und die Arbeit w\u00e4hrend seiner vergangenen 18 Jahre als Vorsitzender. Das es ohne ein funktionierendes und engagiertes Team nicht geht, habe er immer wieder festgestellt. Weiter f\u00fchrte er aus, dass nun die Zeit f\u00fcr einen Wechsel gekommen sei und er froh sei, dass mit Andrea Feistel-Jacobs eine kompetente und engagierte Nachfolgerin gefunden sei.<\/p>\n<figure><img loading=\"lazy\" decoding=\"async\" width=\"877\" height=\"768\" src=\"https:\/\/spd-wickrath.de\/wp-content\/uploads\/Uli_Andrea.jpg\" alt=\"\" loading=\"lazy\" srcset=\"https:\/\/spd-wickrath.de\/wp-content\/uploads\/Uli_Andrea.jpg 877w, https:\/\/spd-wickrath.de\/wp-content\/uploads\/Uli_Andrea-300x263.jpg 300w, https:\/\/spd-wickrath.de\/wp-content\/uploads\/Uli_Andrea-768x673.jpg 768w\" sizes=\"auto, (max-width: 877px) 100vw, 877px\" \/><\/figure>\n<p>Andrea Feistel-Jacobs, bisher stellv. Vorsitzende und Bezirksvertreterin,<br \/>\nerkl\u00e4rte in ihrer Rede, dass sie die engagierte Arbeit &#8222;vor Ort&#8220; weiterf\u00fchren,<br \/>\naber auch offen f\u00fcr neue Ideen sei.Einen Wechsel gab es auch bei der<br \/>\nBesetzung der Stelle des Kassenwartes, da Marcus Buchbauer<br \/>\nebenfalls nicht mehr kandierte. Marcus Buchbauer hinterl\u00e4sst geordnete<br \/>\nFinanzen und konnte seinen Posten an Gerd Jacobs weitergeben.<br \/>\nBei den weiteren Wahlen wurden Michael Roth, als stellv. Vorsitzender,<br \/>\nund Farina Koller als Bildungsbeauftragte best\u00e4tigt. Als Beisitzer<br \/>\nkomplementieren Brigitte Horn, Hubert Finken, Uli Mones, Walter Horn<br \/>\nund Heinz Ritters den Vorstand.<\/p>\n<figure><img loading=\"lazy\" decoding=\"async\" width=\"2560\" height=\"1707\" src=\"https:\/\/spd-wickrath.de\/wp-content\/uploads\/Klausur2020-scaled.jpg\" alt=\"\" loading=\"lazy\" srcset=\"https:\/\/spd-wickrath.de\/wp-content\/uploads\/Klausur2020-scaled.jpg 2560w, https:\/\/spd-wickrath.de\/wp-content\/uploads\/Klausur2020-300x200.jpg 300w, https:\/\/spd-wickrath.de\/wp-content\/uploads\/Klausur2020-1024x683.jpg 1024w, https:\/\/spd-wickrath.de\/wp-content\/uploads\/Klausur2020-768x512.jpg 768w, https:\/\/spd-wickrath.de\/wp-content\/uploads\/Klausur2020-1536x1024.jpg 1536w, https:\/\/spd-wickrath.de\/wp-content\/uploads\/Klausur2020-2048x1366.jpg 2048w\" sizes=\"auto, (max-width: 2560px) 100vw, 2560px\" \/><\/figure>\n<h3>SPD Wickrath bereitet Kommunalwahl vor.<\/h3>\n<p>Bei einer zweit\u00e4gigen Klausurtagung in Grefrath hat die Wickrather SPD die Weichen f\u00fcr die Kommunalwahl am 13.September 2020 gestellt. OB Kandidat Felix Heinrichs stimmte die Teilnehmerinnen und Teilnehmer, zu Beginn der Klausur, mit einem einst\u00fcndigen, informativen und engagierten Vortrag auf die bevorstehende Wahl ein. Mit Aktionen und Veranstaltungen will die Wickrather SPD die B\u00fcrgerinnen und B\u00fcrger , bis zum Wahltermin, informieren und \u00fcberzeugen ihre Kandidatinnen und Kanditen zu w\u00e4hlen. Dazu Uli Mones, Vorsitzender der SPD Wickrath: &#8220; Unser Ziel ist es, die B\u00fcrgerinnen und B\u00fcrger in erster Linie zu \u00fcberzeugen zur Kommunalwahl zu gehen. Oberb\u00fcrgermeister, Rat und Bezirksvertretung sind die unmittelbarsten demokratischen Kr\u00e4fte vor Ort. Wenn B\u00fcrgerinnen und B\u00fcrger dann noch der Wickrather SPD ihre Stimmen geben, k\u00f6nnen wir unsere engagierte Arbeit vor Ort fortsetzen&#8220;.<\/p>\n<figure><img loading=\"lazy\" decoding=\"async\" width=\"600\" height=\"356\" src=\"https:\/\/spd-wickrath.de\/wp-content\/uploads\/Spende_kath_Frauengemeinschaft.png\" alt=\"\" loading=\"lazy\" srcset=\"https:\/\/spd-wickrath.de\/wp-content\/uploads\/Spende_kath_Frauengemeinschaft.png 600w, https:\/\/spd-wickrath.de\/wp-content\/uploads\/Spende_kath_Frauengemeinschaft-300x178.png 300w\" sizes=\"auto, (max-width: 600px) 100vw, 600px\" \/><\/figure>\n<h3>SPD Wickrath unterst\u00fctzt ehrenamtliches Engagement.<\/h3>\n<p>Der SPD Ortsverein Wickrath hat es sich zum Ziel gesetzt, die Wickrather Vereine und Institutionen die ehrenamtlich f\u00fcr den Ort t\u00e4tig sind, zu unterst\u00fctzen. Dieses Mal konnte sich die Kath. Frauengemeinschaft kfd \u00fcber eine Spende freuen. \u00dcberreicht wurde die Spende von den beiden Vorstands- und Bezirksvertretungsmitgliedern Walter Horn und Uli Mones an die Vorsitzenden der kfd Petra van den Bosch und Gertrud Voi\u00df. Uli Mones : &#8220; Die Frauengemeinschaft, mit ihren \u00fcber 380 Mitgliedern, ist aktiv und vielf\u00e4ltig in Wickrath t\u00e4tig und tr\u00e4gt somit zu einem lebenswerten Zusammenleben f\u00fcr unser Wickrath bei&#8220;.<\/p>\n","protected":false},"excerpt":{"rendered":"<p>SPD Wickrath spendet f\u00fcr wohnungslose und bed\u00fcrftige Menschen. Wickrath`s SPD Ortsvereinsvorsitzende, Andrea Feistel-Jacobs, \u00fcbergab im Namen der Wickrather SPD, in den vergangenen Tagen eine Spende an den SKM -Katholischen Verein f\u00fcr soziale Dienste in Rheydt-. Momentan besteht, nach Aussage des SKM, eine gro\u00dfe Nachfrage von bed\u00fcrftigen Einzelpersonen und Familien. Umso gr\u00f6\u00dfer war die Freude, dass &#8230; <a title=\"Infos und Neues\" class=\"read-more\" href=\"https:\/\/spd-wickrath.de\/index.php\/infosundneues\/\" aria-label=\"Mehr Informationen \u00fcber Infos und Neues\">Weiterlesen<\/a><\/p>\n","protected":false},"author":2,"featured_media":0,"parent":0,"menu_order":0,"comment_status":"closed","ping_status":"closed","template":"","meta":{"footnotes":""},"class_list":["post-1502","page","type-page","status-publish"],"aioseo_notices":[],"_links":{"self":[{"href":"https:\/\/spd-wickrath.de\/index.php\/wp-json\/wp\/v2\/pages\/1502","targetHints":{"allow":["GET"]}}],"collection":[{"href":"https:\/\/spd-wickrath.de\/index.php\/wp-json\/wp\/v2\/pages"}],"about":[{"href":"https:\/\/spd-wickrath.de\/index.php\/wp-json\/wp\/v2\/types\/page"}],"author":[{"embeddable":true,"href":"https:\/\/spd-wickrath.de\/index.php\/wp-json\/wp\/v2\/users\/2"}],"replies":[{"embeddable":true,"href":"https:\/\/spd-wickrath.de\/index.php\/wp-json\/wp\/v2\/comments?post=1502"}],"version-history":[{"count":1,"href":"https:\/\/spd-wickrath.de\/index.php\/wp-json\/wp\/v2\/pages\/1502\/revisions"}],"predecessor-version":[{"id":2994,"href":"https:\/\/spd-wickrath.de\/index.php\/wp-json\/wp\/v2\/pages\/1502\/revisions\/2994"}],"wp:attachment":[{"href":"https:\/\/spd-wickrath.de\/index.php\/wp-json\/wp\/v2\/media?parent=1502"}],"curies":[{"name":"wp","href":"https:\/\/api.w.org\/{rel}","templated":true}]}}

<figure><img loading="lazy" decoding="async" width="1667" height="1134" src="https://spd-wickrath.de/wp-content/uploads/SPD_SKM_Spende.jpg" alt="" loading="lazy" srcset="https://spd-wickrath.de/wp-content/uploads/SPD_SKM_Spende.jpg 1667w, https://spd-wickrath.de/wp-content/uploads/SPD_SKM_Spende-300x204.jpg 300w, https://spd-wickrath.de/wp-content/uploads/SPD_SKM_Spende-1024x697.jpg 1024w, https://spd-wickrath.de/wp-content/uploads/SPD_SKM_Spende-768x522.jpg 768w, https://spd-wickrath.de/wp-content/uploads/SPD_SKM_Spende-1536x1045.jpg 1536w" sizes="auto, (max-width: 1667px) 100vw, 1667px" /></figure>
<h3>SPD Wickrath spendet für wohnungslose und bedürftige Menschen.</h3>
<p>Wickrath`s SPD Ortsvereinsvorsitzende, Andrea Feistel-Jacobs, übergab im Namen der Wickrather SPD, in den vergangenen Tagen eine Spende an den SKM -Katholischen Verein für soziale Dienste in Rheydt-.<br />
Momentan besteht, nach Aussage des SKM, eine große Nachfrage von bedürftigen Einzelpersonen und Familien. Umso größer war die Freude, dass die SPD Wickrath den Verein mit einer Spende unterstützt. Dazu Andrea Feistel-Jacobs:&#8220; Es war und ist uns ein Anliegen in diesen schweren Zeiten, solidarisch und gemeinsam, etwas für die Schwächsten in unserer Gesellschaft zu tun&#8220;. Der SKM weist darauf hin, dass weitere Spenden sehr willkommen sind. Wer etwas spenden möchte kann sich an folgende Ansprechpartner wenden:</p>
<p>Christoph Föhles , Tel. 02166/130 97 30 &nbsp; &#038;nbsp<br />
E-Mail: <a href="mailto:refc.foehles@skm-ry.de" >refc.foehles@skm-ry.de</a> </p>
<p>Astrid Thiess, &nbsp; &nbsp;&nbsp;&nbsp; &nbsp; Tel. 02166/130 97 31 &nbsp; &#038;nbsp<br />
E-Mail: <a href="mailto:a.thiess@skm-ry.de">a.thiess@skm-ry.de</a></p>
<p>Des Weiteren weist Andrea Feistel-Jacobs darauf hin, dass auch die SPD Mönchengladbach Hilfe anbietet. Unterstützungsmöglichkeiten finden Sie auf <a target="_blank" rel="noopener noreferrer">www.spd-mg.de</a></p>
<figure><img loading="lazy" decoding="async" width="600" height="345" src="https://spd-wickrath.de/wp-content/uploads/Vorstand_2020.png" alt="" loading="lazy" srcset="https://spd-wickrath.de/wp-content/uploads/Vorstand_2020.png 600w, https://spd-wickrath.de/wp-content/uploads/Vorstand_2020-300x173.png 300w" sizes="auto, (max-width: 600px) 100vw, 600px" /></figure>
<h3>Stabwechsel bei der Wickrather SPD.</h3>
<p>Auf der Mitgliederversammlung der Wickrather SPD, am 12.02.2020, kam es zum Stabwechsel bei der örtlichen SPD. Nach insgesamt 18 Jahren als Vorsitzender kandidierte Uli Mones nicht mehr als Vorsitzender. In seinem Rechenschaftsbericht dankte Uli Mones den ausgeschiedenen und jetzigen Vorstandsmitgliedern für das ihm entgegen- gebrachte Vertrauen und die Arbeit während seiner vergangenen 18 Jahre als Vorsitzender. Das es ohne ein funktionierendes und engagiertes Team nicht geht, habe er immer wieder festgestellt. Weiter führte er aus, dass nun die Zeit für einen Wechsel gekommen sei und er froh sei, dass mit Andrea Feistel-Jacobs eine kompetente und engagierte Nachfolgerin gefunden sei.</p>
<figure><img loading="lazy" decoding="async" width="877" height="768" src="https://spd-wickrath.de/wp-content/uploads/Uli_Andrea.jpg" alt="" loading="lazy" srcset="https://spd-wickrath.de/wp-content/uploads/Uli_Andrea.jpg 877w, https://spd-wickrath.de/wp-content/uploads/Uli_Andrea-300x263.jpg 300w, https://spd-wickrath.de/wp-content/uploads/Uli_Andrea-768x673.jpg 768w" sizes="auto, (max-width: 877px) 100vw, 877px" /></figure>
<p>Andrea Feistel-Jacobs, bisher stellv. Vorsitzende und Bezirksvertreterin,<br />
erklärte in ihrer Rede, dass sie die engagierte Arbeit &#8222;vor Ort&#8220; weiterführen,<br />
aber auch offen für neue Ideen sei.Einen Wechsel gab es auch bei der<br />
Besetzung der Stelle des Kassenwartes, da Marcus Buchbauer<br />
ebenfalls nicht mehr kandierte. Marcus Buchbauer hinterlässt geordnete<br />
Finanzen und konnte seinen Posten an Gerd Jacobs weitergeben.<br />
Bei den weiteren Wahlen wurden Michael Roth, als stellv. Vorsitzender,<br />
und Farina Koller als Bildungsbeauftragte bestätigt. Als Beisitzer<br />
komplementieren Brigitte Horn, Hubert Finken, Uli Mones, Walter Horn<br />
und Heinz Ritters den Vorstand.</p>
<figure><img loading="lazy" decoding="async" width="2560" height="1707" src="https://spd-wickrath.de/wp-content/uploads/Klausur2020-scaled.jpg" alt="" loading="lazy" srcset="https://spd-wickrath.de/wp-content/uploads/Klausur2020-scaled.jpg 2560w, https://spd-wickrath.de/wp-content/uploads/Klausur2020-300x200.jpg 300w, https://spd-wickrath.de/wp-content/uploads/Klausur2020-1024x683.jpg 1024w, https://spd-wickrath.de/wp-content/uploads/Klausur2020-768x512.jpg 768w, https://spd-wickrath.de/wp-content/uploads/Klausur2020-1536x1024.jpg 1536w, https://spd-wickrath.de/wp-content/uploads/Klausur2020-2048x1366.jpg 2048w" sizes="auto, (max-width: 2560px) 100vw, 2560px" /></figure>
<h3>SPD Wickrath bereitet Kommunalwahl vor.</h3>
<p>Bei einer zweitägigen Klausurtagung in Grefrath hat die Wickrather SPD die Weichen für die Kommunalwahl am 13.September 2020 gestellt. OB Kandidat Felix Heinrichs stimmte die Teilnehmerinnen und Teilnehmer, zu Beginn der Klausur, mit einem einstündigen, informativen und engagierten Vortrag auf die bevorstehende Wahl ein. Mit Aktionen und Veranstaltungen will die Wickrather SPD die Bürgerinnen und Bürger , bis zum Wahltermin, informieren und überzeugen ihre Kandidatinnen und Kanditen zu wählen. Dazu Uli Mones, Vorsitzender der SPD Wickrath: &#8220; Unser Ziel ist es, die Bürgerinnen und Bürger in erster Linie zu überzeugen zur Kommunalwahl zu gehen. Oberbürgermeister, Rat und Bezirksvertretung sind die unmittelbarsten demokratischen Kräfte vor Ort. Wenn Bürgerinnen und Bürger dann noch der Wickrather SPD ihre Stimmen geben, können wir unsere engagierte Arbeit vor Ort fortsetzen&#8220;.</p>
<figure><img loading="lazy" decoding="async" width="600" height="356" src="https://spd-wickrath.de/wp-content/uploads/Spende_kath_Frauengemeinschaft.png" alt="" loading="lazy" srcset="https://spd-wickrath.de/wp-content/uploads/Spende_kath_Frauengemeinschaft.png 600w, https://spd-wickrath.de/wp-content/uploads/Spende_kath_Frauengemeinschaft-300x178.png 300w" sizes="auto, (max-width: 600px) 100vw, 600px" /></figure>
<h3>SPD Wickrath unterstützt ehrenamtliches Engagement.</h3>
<p>Der SPD Ortsverein Wickrath hat es sich zum Ziel gesetzt, die Wickrather Vereine und Institutionen die ehrenamtlich für den Ort tätig sind, zu unterstützen. Dieses Mal konnte sich die Kath. Frauengemeinschaft kfd über eine Spende freuen. Überreicht wurde die Spende von den beiden Vorstands- und Bezirksvertretungsmitgliedern Walter Horn und Uli Mones an die Vorsitzenden der kfd Petra van den Bosch und Gertrud Voiß. Uli Mones : &#8220; Die Frauengemeinschaft, mit ihren über 380 Mitgliedern, ist aktiv und vielfältig in Wickrath tätig und trägt somit zu einem lebenswerten Zusammenleben für unser Wickrath bei&#8220;.</p>

<p>SPD Wickrath spendet für wohnungslose und bedürftige Menschen. Wickrath`s SPD Ortsvereinsvorsitzende, Andrea Feistel-Jacobs, übergab im Namen der Wickrather SPD, in den vergangenen Tagen eine Spende an den SKM -Katholischen Verein für soziale Dienste in Rheydt-. Momentan besteht, nach Aussage des SKM, eine große Nachfrage von bedürftigen Einzelpersonen und Familien. Umso größer war die Freude, dass &#8230; <a title="Infos und Neues" class="read-more" href="https://spd-wickrath.de/index.php/infosundneues/" aria-label="Mehr Informationen über Infos und Neues">Weiterlesen</a></p>
